{"id":72,"date":"2022-10-24T12:38:56","date_gmt":"2022-10-24T12:38:56","guid":{"rendered":"https:\/\/revistacomba.porrassoriano.com\/?page_id=72"},"modified":"2023-03-08T16:45:26","modified_gmt":"2023-03-08T16:45:26","slug":"istmo","status":"publish","type":"page","link":"https:\/\/revistacomba.org\/?page_id=72","title":{"rendered":"istmo"},"content":{"rendered":"\n<p class=\"wp-block-paragraph\">COMBA mantiene una pol\u00edtica de recepci\u00f3n permanente de <a rel=\"noreferrer noopener\" href=\"https:\/\/revistacomba.org\/?page_id=50\" type=\"page\" id=\"50\" target=\"_blank\">env\u00edos<\/a> originales completos. Para ello presenta la secci\u00f3n ISTMO, de periodicidad de publicaci\u00f3n variable y contenidos abiertos. ISTMO recoge propuestas cerradas y adaptadas a la normativa de publicaci\u00f3n de la revista, al margen de la tem\u00e1tica de la publicaci\u00f3n principal.<\/p>\n\n\n\n<div class=\"wp-block-columns alignwide is-layout-flex wp-container-core-columns-is-layout-930feb06 wp-block-columns-is-layout-flex\"><\/div>\n","protected":false},"excerpt":{"rendered":"<p>COMBA mantiene una pol\u00edtica de recepci\u00f3n permanente de env\u00edos originales completos. Para ello presenta la secci\u00f3n ISTMO, de periodicidad de publicaci\u00f3n variable y contenidos abiertos. ISTMO recoge propuestas cerradas y adaptadas a la normativa de publicaci\u00f3n de la revista, al margen de la tem\u00e1tica de la publicaci\u00f3n principal.<\/p>\n","protected":false},"author":1,"featured_media":0,"parent":0,"menu_order":0,"comment_status":"closed","ping_status":"closed","template":"","meta":{"_crdt_document":"","footnotes":""},"class_list":["post-72","page","type-page","status-publish","hentry"],"jetpack_sharing_enabled":true,"_links":{"self":[{"href":"https:\/\/revistacomba.org\/index.php?rest_route=\/wp\/v2\/pages\/72","targetHints":{"allow":["GET"]}}],"collection":[{"href":"https:\/\/revistacomba.org\/index.php?rest_route=\/wp\/v2\/pages"}],"about":[{"href":"https:\/\/revistacomba.org\/index.php?rest_route=\/wp\/v2\/types\/page"}],"author":[{"embeddable":true,"href":"https:\/\/revistacomba.org\/index.php?rest_route=\/wp\/v2\/users\/1"}],"replies":[{"embeddable":true,"href":"https:\/\/revistacomba.org\/index.php?rest_route=%2Fwp%2Fv2%2Fcomments&post=72"}],"version-history":[{"count":10,"href":"https:\/\/revistacomba.org\/index.php?rest_route=\/wp\/v2\/pages\/72\/revisions"}],"predecessor-version":[{"id":200,"href":"https:\/\/revistacomba.org\/index.php?rest_route=\/wp\/v2\/pages\/72\/revisions\/200"}],"wp:attachment":[{"href":"https:\/\/revistacomba.org\/index.php?rest_route=%2Fwp%2Fv2%2Fmedia&parent=72"}],"curies":[{"name":"wp","href":"https:\/\/api.w.org\/{rel}","templated":true}]}}