{"id":47,"date":"2022-10-24T11:43:48","date_gmt":"2022-10-24T11:43:48","guid":{"rendered":"https:\/\/revistacomba.porrassoriano.com\/?page_id=47"},"modified":"2023-03-08T16:49:46","modified_gmt":"2023-03-08T16:49:46","slug":"about","status":"publish","type":"page","link":"https:\/\/revistacomba.org\/?page_id=47","title":{"rendered":"about"},"content":{"rendered":"\r\n<p class=\"wp-block-paragraph\">COMBA se plantea como una revista de difusi\u00f3n y exploraci\u00f3n de afinidades a trav\u00e9s de distintas perspectivas de los estudios visuales.<\/p>\r\n\r\n\r\n\r\n<p class=\"wp-block-paragraph\">Se trata de un proyecto que toma forma de publicaci\u00f3n estacional impresa, editado por Sof\u00eda Alem\u00e1n Arozena y \u00c1lvaro Porras Soriano. El proceso editorial atiende a l\u00edneas de investigaci\u00f3n de autores con procesos recientes, abiertos, en ciernes. Busca generar una estructura discursiva a trav\u00e9s de la potencia de estos proyectos inscritos en una relaci\u00f3n dial\u00f3gica.\u00a0<\/p>\r\n\r\n\r\n\r\n<p class=\"wp-block-paragraph\">Puedes contactar con el equipo editorial de COMBA a trav\u00e9s del siguiente formulario:<\/p>\r\n\r\n\r\n\r\n<p class=\"wp-block-paragraph\">&nbsp;<\/p>\r\n\r\n\r\n<p><div class=\"forminator-ui forminator-custom-form forminator-custom-form-97 forminator-design--default  forminator_ajax\" data-forminator-render=\"0\" data-form=\"forminator-module-97\" data-uid=\"69f32c7e3b78c\"><br\/><\/div><form\n\t\t\t\tid=\"forminator-module-97\"\n\t\t\t\tclass=\"forminator-ui forminator-custom-form forminator-custom-form-97 forminator-design--default  forminator_ajax\"\n\t\t\t\tmethod=\"post\"\n\t\t\t\tdata-forminator-render=\"0\"\n\t\t\t\tdata-form-id=\"97\"\n\t\t\t\t data-color-option=\"default\" data-design=\"default\" data-grid=\"open\" style=\"display: none;\"\n\t\t\t\tdata-uid=\"69f32c7e3b78c\"\n\t\t\t><div role=\"alert\" aria-live=\"polite\" class=\"forminator-response-message forminator-error\" aria-hidden=\"true\"><\/div><div class=\"forminator-row\"><div id=\"name-1\" class=\"forminator-field-name forminator-col forminator-col-12 \"><div class=\"forminator-field\"><label for=\"forminator-field-name-1_69f32c7e3b78c\" id=\"forminator-field-name-1_69f32c7e3b78c-label\" class=\"forminator-label\">Nombre<\/label><input type=\"text\" name=\"name-1\" value=\"\" placeholder=\"Ejemplo: Juan P\u00e9rez\" id=\"forminator-field-name-1_69f32c7e3b78c\" class=\"forminator-input forminator-name--field\" aria-required=\"false\" autocomplete=\"name\" \/><\/div><\/div><\/div><div class=\"forminator-row\"><div id=\"email-1\" class=\"forminator-field-email forminator-col forminator-col-12 \"><div class=\"forminator-field\"><label for=\"forminator-field-email-1_69f32c7e3b78c\" id=\"forminator-field-email-1_69f32c7e3b78c-label\" class=\"forminator-label\">Correo electr\u00f3nico<\/label><input type=\"email\" name=\"email-1\" value=\"\" placeholder=\"Ej . : john@doe.com\" id=\"forminator-field-email-1_69f32c7e3b78c\" class=\"forminator-input forminator-email--field\" data-required=\"\" aria-required=\"false\" autocomplete=\"email\" \/><\/div><\/div><\/div><div class=\"forminator-row\"><div id=\"textarea-1\" class=\"forminator-field-textarea forminator-col forminator-col-12 \"><div class=\"forminator-field\"><label for=\"forminator-field-textarea-1_69f32c7e3b78c\" id=\"forminator-field-textarea-1_69f32c7e3b78c-label\" class=\"forminator-label\">Texto<\/label><textarea name=\"textarea-1\" placeholder=\"Ejemplo: texto de marcador de posici\u00f3n Puedes a\u00f1adir una nueva l\u00ednea\" id=\"forminator-field-textarea-1_69f32c7e3b78c\" class=\"forminator-textarea\" rows=\"6\" style=\"--forminator-textarea-min-height:140px;\" ><\/textarea><\/div><\/div><\/div><input type=\"hidden\" name=\"referer_url\" value=\"\" \/><div class=\"forminator-row forminator-row-last\"><div class=\"forminator-col\"><div class=\"forminator-field\"><button class=\"forminator-button forminator-button-submit\">Enviar mensaje<\/button><\/div><\/div><\/div><input type=\"hidden\" id=\"forminator_nonce\" name=\"forminator_nonce\" value=\"9ff109444b\" \/><input type=\"hidden\" name=\"_wp_http_referer\" value=\"\/index.php?rest_route=%2Fwp%2Fv2%2Fpages%2F47\" \/><input type=\"hidden\" name=\"form_id\" value=\"97\"><input type=\"hidden\" name=\"page_id\" value=\"47\"><input type=\"hidden\" name=\"form_type\" value=\"default\"><input type=\"hidden\" name=\"current_url\" value=\"https:\/\/revistacomba.org\/?page_id=47\"><input type=\"hidden\" name=\"render_id\" value=\"0\"><input type=\"hidden\" name=\"action\" value=\"forminator_submit_form_custom-forms\"><\/form><\/p>\n\r\n\r\n\r\n<figure class=\"wp-block-image size-large wp-duotone-000000-ffffff-2\"><img loading=\"lazy\" decoding=\"async\" width=\"1024\" height=\"724\" class=\"wp-image-8\" src=\"https:\/\/revistacomba.porrassoriano.com\/wp-content\/uploads\/2022\/10\/LOGO-1024x724.png\" alt=\"\" srcset=\"https:\/\/revistacomba.org\/wp-content\/uploads\/2022\/10\/LOGO-1024x724.png 1024w, https:\/\/revistacomba.org\/wp-content\/uploads\/2022\/10\/LOGO-300x212.png 300w, https:\/\/revistacomba.org\/wp-content\/uploads\/2022\/10\/LOGO-768x543.png 768w, https:\/\/revistacomba.org\/wp-content\/uploads\/2022\/10\/LOGO-1536x1086.png 1536w, https:\/\/revistacomba.org\/wp-content\/uploads\/2022\/10\/LOGO-2048x1448.png 2048w\" sizes=\"auto, (max-width: 1024px) 100vw, 1024px\" \/><\/figure>\r\n","protected":false},"excerpt":{"rendered":"<p>COMBA se plantea como una revista de difusi\u00f3n y exploraci\u00f3n de afinidades a trav\u00e9s de distintas perspectivas de los estudios visuales. Se trata de un proyecto que toma forma de publicaci\u00f3n estacional impresa, editado por Sof\u00eda Alem\u00e1n Arozena y \u00c1lvaro Porras Soriano. El proceso editorial atiende a l\u00edneas de investigaci\u00f3n de autores con procesos recientes, [&hellip;]<\/p>\n","protected":false},"author":1,"featured_media":0,"parent":0,"menu_order":0,"comment_status":"closed","ping_status":"closed","template":"","meta":{"_crdt_document":"","footnotes":""},"class_list":["post-47","page","type-page","status-publish","hentry"],"jetpack_sharing_enabled":true,"_links":{"self":[{"href":"https:\/\/revistacomba.org\/index.php?rest_route=\/wp\/v2\/pages\/47","targetHints":{"allow":["GET"]}}],"collection":[{"href":"https:\/\/revistacomba.org\/index.php?rest_route=\/wp\/v2\/pages"}],"about":[{"href":"https:\/\/revistacomba.org\/index.php?rest_route=\/wp\/v2\/types\/page"}],"author":[{"embeddable":true,"href":"https:\/\/revistacomba.org\/index.php?rest_route=\/wp\/v2\/users\/1"}],"replies":[{"embeddable":true,"href":"https:\/\/revistacomba.org\/index.php?rest_route=%2Fwp%2Fv2%2Fcomments&post=47"}],"version-history":[{"count":3,"href":"https:\/\/revistacomba.org\/index.php?rest_route=\/wp\/v2\/pages\/47\/revisions"}],"predecessor-version":[{"id":203,"href":"https:\/\/revistacomba.org\/index.php?rest_route=\/wp\/v2\/pages\/47\/revisions\/203"}],"wp:attachment":[{"href":"https:\/\/revistacomba.org\/index.php?rest_route=%2Fwp%2Fv2%2Fmedia&parent=47"}],"curies":[{"name":"wp","href":"https:\/\/api.w.org\/{rel}","templated":true}]}}